{"id":2814,"date":"2024-10-25T17:24:44","date_gmt":"2024-10-25T20:24:44","guid":{"rendered":"https:\/\/ies9010-infd.mendoza.edu.ar\/sitio\/?page_id=2814"},"modified":"2024-10-31T17:39:30","modified_gmt":"2024-10-31T20:39:30","slug":"plan-de-contingencias","status":"publish","type":"page","link":"https:\/\/ies9010-infd.mendoza.edu.ar\/sitio\/plan-de-contingencias\/","title":{"rendered":"Plan de contingencias"},"content":{"rendered":"\n<div class=\"wp-block-media-text alignwide is-stacked-on-mobile\"><figure class=\"wp-block-media-text__media\"><a href=\"https:\/\/docs.google.com\/document\/d\/1FwuSrfPxyWWzfjz2PbdhkTTGN0IoU02p\/edit?usp=sharing&amp;ouid=110954697046564531722&amp;rtpof=true&amp;sd=true\" target=\"_blank\" rel=\"noreferrer noopener\"><img decoding=\"async\" loading=\"lazy\" width=\"1900\" height=\"475\" src=\"https:\/\/ies9010-infd.mendoza.edu.ar\/sitio\/wp-content\/uploads\/2024\/10\/PLAN-DE-CONTINGENCIAS-2-1900x475.png\" alt=\"\" class=\"wp-image-3053 size-full\" srcset=\"https:\/\/ies9010-infd.mendoza.edu.ar\/sitio\/wp-content\/uploads\/2024\/10\/PLAN-DE-CONTINGENCIAS-2-1900x475.png 1900w, https:\/\/ies9010-infd.mendoza.edu.ar\/sitio\/wp-content\/uploads\/2024\/10\/PLAN-DE-CONTINGENCIAS-2-1000x250.png 1000w, https:\/\/ies9010-infd.mendoza.edu.ar\/sitio\/wp-content\/uploads\/2024\/10\/PLAN-DE-CONTINGENCIAS-2-768x192.png 768w, https:\/\/ies9010-infd.mendoza.edu.ar\/sitio\/wp-content\/uploads\/2024\/10\/PLAN-DE-CONTINGENCIAS-2-1536x384.png 1536w, https:\/\/ies9010-infd.mendoza.edu.ar\/sitio\/wp-content\/uploads\/2024\/10\/PLAN-DE-CONTINGENCIAS-2.png 1920w\" sizes=\"(max-width: 1900px) 100vw, 1900px\" \/><\/a><\/figure><div class=\"wp-block-media-text__content\">\n<p>Plan de Contingencias 2024: este manual de procedimientos nos permita anticiparnos y responder eficazmente a situaciones inesperadas o de emergencia y tiene como objetivo salvaguardar la integridad y seguridad de todos los miembros de nuestra comunidad educativa. <\/p>\n<\/div><\/div>\n\n\n\n<h4 class=\"wp-block-heading\"><strong>Zona de seguridad y evacuados<\/strong><\/h4>\n\n\n\n<div class=\"wp-block-media-text alignwide is-stacked-on-mobile\"><figure class=\"wp-block-media-text__media\"><img decoding=\"async\" loading=\"lazy\" width=\"1900\" height=\"1069\" src=\"https:\/\/ies9010-infd.mendoza.edu.ar\/sitio\/wp-content\/uploads\/2024\/10\/Ingreso-principal-2-1900x1069.jpg\" alt=\"\" class=\"wp-image-3041 size-full\" srcset=\"https:\/\/ies9010-infd.mendoza.edu.ar\/sitio\/wp-content\/uploads\/2024\/10\/Ingreso-principal-2-1900x1069.jpg 1900w, https:\/\/ies9010-infd.mendoza.edu.ar\/sitio\/wp-content\/uploads\/2024\/10\/Ingreso-principal-2-1000x563.jpg 1000w, https:\/\/ies9010-infd.mendoza.edu.ar\/sitio\/wp-content\/uploads\/2024\/10\/Ingreso-principal-2-768x432.jpg 768w, https:\/\/ies9010-infd.mendoza.edu.ar\/sitio\/wp-content\/uploads\/2024\/10\/Ingreso-principal-2-1536x864.jpg 1536w, https:\/\/ies9010-infd.mendoza.edu.ar\/sitio\/wp-content\/uploads\/2024\/10\/Ingreso-principal-2-2048x1153.jpg 2048w\" sizes=\"(max-width: 1900px) 100vw, 1900px\" \/><\/figure><div class=\"wp-block-media-text__content\">\n<p>Zona de evacuaci\u00f3n: en caso de cat\u00e1strofe el ingreso principal estar\u00e1 destinado al acceso del personal de auxilio, tales como bomberos, rescatistas, ambulancia y m\u00e9dicos  <\/p>\n<\/div><\/div>\n\n\n\n<div class=\"wp-block-media-text alignwide is-stacked-on-mobile\"><figure class=\"wp-block-media-text__media\"><img decoding=\"async\" loading=\"lazy\" width=\"1900\" height=\"1069\" src=\"https:\/\/ies9010-infd.mendoza.edu.ar\/sitio\/wp-content\/uploads\/2024\/10\/patio-central-1900x1069.jpg\" alt=\"\" class=\"wp-image-3042 size-full\" srcset=\"https:\/\/ies9010-infd.mendoza.edu.ar\/sitio\/wp-content\/uploads\/2024\/10\/patio-central-1900x1069.jpg 1900w, https:\/\/ies9010-infd.mendoza.edu.ar\/sitio\/wp-content\/uploads\/2024\/10\/patio-central-1000x563.jpg 1000w, https:\/\/ies9010-infd.mendoza.edu.ar\/sitio\/wp-content\/uploads\/2024\/10\/patio-central-768x432.jpg 768w, https:\/\/ies9010-infd.mendoza.edu.ar\/sitio\/wp-content\/uploads\/2024\/10\/patio-central-1536x864.jpg 1536w, https:\/\/ies9010-infd.mendoza.edu.ar\/sitio\/wp-content\/uploads\/2024\/10\/patio-central-2048x1153.jpg 2048w\" sizes=\"(max-width: 1900px) 100vw, 1900px\" \/><\/figure><div class=\"wp-block-media-text__content\">\n<p>Zona de Seguridad Principal: El patio principal es el punto de encuentro o zona de seguridad, a el acceder\u00e1n por las diferentes salidas mas cercanas<\/p>\n<\/div><\/div>\n\n\n\n<div class=\"wp-block-media-text alignwide is-stacked-on-mobile\"><figure class=\"wp-block-media-text__media\"><img decoding=\"async\" loading=\"lazy\" width=\"1900\" height=\"1069\" src=\"https:\/\/ies9010-infd.mendoza.edu.ar\/sitio\/wp-content\/uploads\/2024\/10\/cancha-de-Basquet-1900x1069.jpg\" alt=\"\" class=\"wp-image-3043 size-full\" srcset=\"https:\/\/ies9010-infd.mendoza.edu.ar\/sitio\/wp-content\/uploads\/2024\/10\/cancha-de-Basquet-1900x1069.jpg 1900w, https:\/\/ies9010-infd.mendoza.edu.ar\/sitio\/wp-content\/uploads\/2024\/10\/cancha-de-Basquet-1000x563.jpg 1000w, https:\/\/ies9010-infd.mendoza.edu.ar\/sitio\/wp-content\/uploads\/2024\/10\/cancha-de-Basquet-768x432.jpg 768w, https:\/\/ies9010-infd.mendoza.edu.ar\/sitio\/wp-content\/uploads\/2024\/10\/cancha-de-Basquet-1536x864.jpg 1536w, https:\/\/ies9010-infd.mendoza.edu.ar\/sitio\/wp-content\/uploads\/2024\/10\/cancha-de-Basquet-2048x1153.jpg 2048w\" sizes=\"(max-width: 1900px) 100vw, 1900px\" \/><\/figure><div class=\"wp-block-media-text__content\">\n<p>Zona de seguridad: Tambi\u00e9n como zona de evacuaci\u00f3n secundaria.(zona de heridos). En el caso de  heridos podr\u00e1n ser trasladado por el acceso secundario (siguiente imagen)<\/p>\n<\/div><\/div>\n\n\n\n<div class=\"wp-block-media-text alignwide is-stacked-on-mobile\"><figure class=\"wp-block-media-text__media\"><img decoding=\"async\" loading=\"lazy\" width=\"1900\" height=\"1069\" src=\"https:\/\/ies9010-infd.mendoza.edu.ar\/sitio\/wp-content\/uploads\/2024\/10\/ingreso-lateral-1900x1069.jpg\" alt=\"\" class=\"wp-image-3044 size-full\" srcset=\"https:\/\/ies9010-infd.mendoza.edu.ar\/sitio\/wp-content\/uploads\/2024\/10\/ingreso-lateral-1900x1069.jpg 1900w, https:\/\/ies9010-infd.mendoza.edu.ar\/sitio\/wp-content\/uploads\/2024\/10\/ingreso-lateral-1000x563.jpg 1000w, https:\/\/ies9010-infd.mendoza.edu.ar\/sitio\/wp-content\/uploads\/2024\/10\/ingreso-lateral-768x432.jpg 768w, https:\/\/ies9010-infd.mendoza.edu.ar\/sitio\/wp-content\/uploads\/2024\/10\/ingreso-lateral-1536x864.jpg 1536w, https:\/\/ies9010-infd.mendoza.edu.ar\/sitio\/wp-content\/uploads\/2024\/10\/ingreso-lateral-2048x1153.jpg 2048w\" sizes=\"(max-width: 1900px) 100vw, 1900px\" \/><\/figure><div class=\"wp-block-media-text__content\">\n<p>Acceso lateral: Salida secundaria desde la zona de evacuados de la cancha de basquetbol. Ingreso de ambulancias.<\/p>\n<\/div><\/div>\n\n\n\n<p>Ante los diferentes tipos de cat\u00e1strofes es importante conservar la calma en todo momento y seguir el procedimiento del <a href=\"https:\/\/docs.google.com\/document\/d\/1FwuSrfPxyWWzfjz2PbdhkTTGN0IoU02p\/edit?usp=sharing&amp;ouid=110954697046564531722&amp;rtpof=true&amp;sd=true\" target=\"_blank\" rel=\"noreferrer noopener\">Plan de Contingencias<\/a> implementado por el Instituto. <\/p>\n","protected":false},"excerpt":{"rendered":"<p>Plan de Contingencias 2024: este manual de procedimientos nos permita anticiparnos y responder eficazmente a situaciones inesperadas o de emergencia y tiene como objetivo salvaguardar la integridad y seguridad de todos los miembros de nuestra comunidad educativa. Zona de seguridad y evacuados Zona de evacuaci\u00f3n: en caso de cat\u00e1strofe el ingreso principal estar\u00e1 destinado al &#8230; <a title=\"Plan de contingencias\" class=\"read-more\" href=\"https:\/\/ies9010-infd.mendoza.edu.ar\/sitio\/plan-de-contingencias\/\" aria-label=\"More on Plan de contingencias\">[+]<\/a><\/p>\n","protected":false},"author":2717,"featured_media":0,"parent":0,"menu_order":0,"comment_status":"closed","ping_status":"closed","template":"","meta":[],"acf":[],"_links":{"self":[{"href":"https:\/\/ies9010-infd.mendoza.edu.ar\/sitio\/wp-json\/wp\/v2\/pages\/2814"}],"collection":[{"href":"https:\/\/ies9010-infd.mendoza.edu.ar\/sitio\/wp-json\/wp\/v2\/pages"}],"about":[{"href":"https:\/\/ies9010-infd.mendoza.edu.ar\/sitio\/wp-json\/wp\/v2\/types\/page"}],"author":[{"embeddable":true,"href":"https:\/\/ies9010-infd.mendoza.edu.ar\/sitio\/wp-json\/wp\/v2\/users\/2717"}],"replies":[{"embeddable":true,"href":"https:\/\/ies9010-infd.mendoza.edu.ar\/sitio\/wp-json\/wp\/v2\/comments?post=2814"}],"version-history":[{"count":11,"href":"https:\/\/ies9010-infd.mendoza.edu.ar\/sitio\/wp-json\/wp\/v2\/pages\/2814\/revisions"}],"predecessor-version":[{"id":3058,"href":"https:\/\/ies9010-infd.mendoza.edu.ar\/sitio\/wp-json\/wp\/v2\/pages\/2814\/revisions\/3058"}],"wp:attachment":[{"href":"https:\/\/ies9010-infd.mendoza.edu.ar\/sitio\/wp-json\/wp\/v2\/media?parent=2814"}],"curies":[{"name":"wp","href":"https:\/\/api.w.org\/{rel}","templated":true}]}}